{"id":1697,"date":"2020-11-03T08:39:59","date_gmt":"2020-11-03T08:39:59","guid":{"rendered":"http:\/\/kabinet505.ftn.uns.ac.rs\/?page_id=1697"},"modified":"2020-11-03T11:48:05","modified_gmt":"2020-11-03T11:48:05","slug":"doktorske-disertacije","status":"publish","type":"page","link":"http:\/\/kabinet505.ftn.uns.ac.rs\/?page_id=1697","title":{"rendered":"DOKTORSKE DISERTACIJE"},"content":{"rendered":"<h3 class=\"page-header first-page-header\">Arhitektonska produkcija i dru\u0161tvene mre\u017ee: model predikcije popularnosti objave<\/h3>\n<p>Autor:\u00a0Jelena Despotovi\u0107<br \/>\nMentori: Jelena\u00a0Atanackovi\u0107 Jeli\u010di\u0107 i\u00a0Milan Rapai\u0107<br \/>\nU toku&#8230;.<\/p>\n<h3 class=\"page-header first-page-header\">Trgova\u010dki objekti sa prelaza XIX u XX vek u Kragujevcu \u2013 identitet i uloga medija<\/h3>\n<p>Autor:\u00a0Bojana Pa\u0161ajli\u0107<br \/>\nMentori: Jelena\u00a0Atanackovi\u0107 Jeli\u010di\u0107 i Vladimir Barovi\u0107<br \/>\nFakultet tehni\u010dkih nauka, jun 2020.<\/p>\n<h3 class=\"page-header first-page-header\">Model odre\u0111ivanja arhitektonskih programa tr\u017enih centara primenom savremenih tehnologija<\/h3>\n<p>Autor:\u00a0Sa\u0161a Medi\u0107<br \/>\nMentori: Jelena\u00a0Atanackovi\u0107 Jeli\u010di\u0107 i\u00a0Milan Rapai\u0107<br \/>\nFakultet tehni\u010dkih nauka, jun 2020.<\/p>\n<h3 class=\"page-header first-page-header\">Mikro i makro prostorno vremenski obrasci za provo\u0111enje slobodnog vremena i u\u017eivanja u dokolici<\/h3>\n<p>Autor:\u00a0Jelena Jolovi\u0107<br \/>\nMentor: Jelena\u00a0Atanackovi\u0107 Jeli\u010di\u0107<br \/>\nFakultet tehni\u010dkih nauka, januar 2020.<\/p>\n<h3>Prilog razvoju metoda arhitektonskog projektovanja \u0161kolskih zgrada<\/h3>\n<p>Autor:\u00a0Dejan Ecet<br \/>\nMentori: Jelena\u00a0Atanackovi\u0107 Jeli\u010di\u0107 i\u00a0Milan Rapai\u0107<br \/>\nFakultet tehni\u010dkih nauka, maj 2019.<\/p>\n<h3>Model korisni\u010dkog vrednovanja prostornih karakteristika stana<\/h3>\n<p>Autor:\u00a0Ivana Brkani\u0107<br \/>\nMentor: Jelena\u00a0Atanackovi\u0107 Jeli\u010di\u0107<br \/>\nFakultet tehni\u010dkih nauka, maj 2018.<\/p>\n<h3>Dizajn strategija hotela kao rezultat potreba korisnika<\/h3>\n<p>Autor:\u00a0Monika \u0160tiklica<br \/>\nMentor: Jelena\u00a0Atanackovi\u0107 Jeli\u010di\u0107<br \/>\nFakultet tehni\u010dkih nauka, maj 2015.<\/p>\n<h3>Konzumerizam i arhitektonski narativi u modernom enterijeru na kraju XX i po\u010detku XXI veka<\/h3>\n<p>Autor:\u00a0Marko Todorov<br \/>\nMentor: Jelena\u00a0Atanackovi\u0107 Jeli\u010di\u0107<br \/>\nFakultet tehni\u010dkih nauka, septembar 2014.<\/p>\n<h3><span class=\"il\">Transformacije gradskog bloka i tranzicioni prostori u XX i po\u010detkom XXI veka \u2013 ideali i ideje o gradu<\/span><\/h3>\n<p>Autor: Igor Mara\u0161<br \/>\nMentor: Na\u0111a Kurtovi\u0107 Foli\u0107<br \/>\nFakultet tehni\u010dkih nauka, septembar\u00a0 2014.<\/p>\n<h3><span class=\"il\">Pluralizam<\/span>\u00a0arhitektonskih identiteta na prelazu\u00a0iz XX u XXI vek<\/h3>\n<p>Autor: Ivana Mi\u0161keljin<br \/>\nMentor: Jelena\u00a0Atanackovi\u0107 Jeli\u010di\u0107<br \/>\nFakultet tehni\u010dkih nauka, januar\u00a0 2013.<\/p>\n<h3><span class=\"il\">Razvoj i transformacije arhitekture \u0161kolskih zgrada u Vojvodini od 18. veka do 2005. godine<\/span><\/h3>\n<p>Autor: Jelena Atanackovi\u0107 Jeli\u010di\u0107<br \/>\nMentor: Na\u0111a Kurtovi\u0107 Foli\u0107<br \/>\nFakultet tehni\u010dkih nauka, septembar\u00a0 2007.<\/p>\n<p>&nbsp;<\/p>\n<p>&nbsp;<\/p>\n<p>&nbsp;<\/p>\n<p>&nbsp;<\/p>\n<p>&nbsp;<\/p>\n<p>&nbsp;<\/p>\n<p>&nbsp;<\/p>\n<p>&nbsp;<\/p>\n<p>&nbsp;<\/p>\n","protected":false},"excerpt":{"rendered":"<p>Arhitektonska produkcija i dru\u0161tvene mre\u017ee: model predikcije popularnosti objave Autor:\u00a0Jelena Despotovi\u0107 Mentori: Jelena\u00a0Atanackovi\u0107 Jeli\u010di\u0107 i\u00a0Milan Rapai\u0107 U toku&#8230;. Trgova\u010dki objekti sa prelaza XIX u XX vek u Kragujevcu \u2013 identitet i uloga medija Autor:\u00a0Bojana Pa\u0161ajli\u0107 Mentori: Jelena\u00a0Atanackovi\u0107 Jeli\u010di\u0107 i Vladimir Barovi\u0107 Fakultet tehni\u010dkih nauka, jun 2020. Model odre\u0111ivanja arhitektonskih programa<\/p>\n","protected":false},"author":1,"featured_media":0,"parent":0,"menu_order":0,"comment_status":"closed","ping_status":"closed","template":"","meta":{"ngg_post_thumbnail":0,"footnotes":""},"class_list":["post-1697","page","type-page","status-publish","hentry"],"_links":{"self":[{"href":"http:\/\/kabinet505.ftn.uns.ac.rs\/index.php?rest_route=\/wp\/v2\/pages\/1697","targetHints":{"allow":["GET"]}}],"collection":[{"href":"http:\/\/kabinet505.ftn.uns.ac.rs\/index.php?rest_route=\/wp\/v2\/pages"}],"about":[{"href":"http:\/\/kabinet505.ftn.uns.ac.rs\/index.php?rest_route=\/wp\/v2\/types\/page"}],"author":[{"embeddable":true,"href":"http:\/\/kabinet505.ftn.uns.ac.rs\/index.php?rest_route=\/wp\/v2\/users\/1"}],"replies":[{"embeddable":true,"href":"http:\/\/kabinet505.ftn.uns.ac.rs\/index.php?rest_route=%2Fwp%2Fv2%2Fcomments&post=1697"}],"version-history":[{"count":5,"href":"http:\/\/kabinet505.ftn.uns.ac.rs\/index.php?rest_route=\/wp\/v2\/pages\/1697\/revisions"}],"predecessor-version":[{"id":1700,"href":"http:\/\/kabinet505.ftn.uns.ac.rs\/index.php?rest_route=\/wp\/v2\/pages\/1697\/revisions\/1700"}],"wp:attachment":[{"href":"http:\/\/kabinet505.ftn.uns.ac.rs\/index.php?rest_route=%2Fwp%2Fv2%2Fmedia&parent=1697"}],"curies":[{"name":"wp","href":"https:\/\/api.w.org\/{rel}","templated":true}]}}